e -5*l = -23 - 22. Let d be 33/2*(-12)/l. Let q = 40 + d. What is the remainder when q is divided by 7?
4
Let m(b) = -b**2 + 6*b - 1. Let f be (-1 + (-6)/9)*-3. Let y = 11 + -5. Calculate the remainder when y is divided by m(f).
2
Suppose -w + 7*w + 48 = 0. Calculate the remainder when 27 is divided by -9*(w/12)/1.
3
Let k(r) = -r**2 + 10*r + 10. Calculate the remainder when 67 is divided by k(6).
33
Suppose -52 = -4*r + 4*z, 12 = 5*z + 2. What is the remainder when r is divided by 4?
3
Let s = -12 + 15. Calculate the remainder when 15 is divided by s.
0
Let q(i) = -i - 1. What is the remainder when 42 is divided by q(-16)?
12
Suppose -u = -4*p - 5, u + 1 = -4*p + 6. Suppose -3*l - 5*g = -81, -l - u*g = -10*g - 7. Calculate the remainder when l is divided by 12.
10
What is the remainder when (4 - 9)*(-4)/10 is divided by (2 - 1)*(2 - 1)?
0
Let z = 1 + -2. Suppose -2*h + 4*t - 20 = -6*h, -t + 5 = -h. Calculate the remainder when (h + 1)*(z - -2) is divided by 1.
0
Suppose 5*r + 4*i = -0*i + 185, 0 = 2*i - 10. Calculate the remainder when r is divided by 12.
9
Suppose 2*s + 150 = 4*p, 2*p - 111 = -p + 3*s. Calculate the remainder when 73 is divided by p.
35
Suppose -5*h + 32 + 23 = 0. Suppose 0 = 4*p + 3*z - 16, 4*p - 6*z - 16 = -z. Calculate the remainder when h is divided by p.
3
Suppose -58 = 2*j - 16. Calculate the remainder when 3/6*j*-6 is divided by 11.
8
Let h = -28 - -31. What is the remainder when h is divided by 2?
1
Suppose 2*j + 5*l = 15, 4*j + l + 5 = 44. Let n(h) = -h**2 + 11*h. Let c = 34 + -16. What is the remainder when c is divided by n(j)?
8
Let t(y) = y**2 - 8*y - 24. What is the remainder when (-20)/(-6)*(-24)/(-5) is divided by t(11)?
7
Let u(v) = 16*v**2 + v + 2. What is the remainder when u(2) is divided by 10?
8
Let z = 18 + -9. Let b(g) = -6*g**3 + 3*g**2 + 2*g - 2. Let h(f) = -f**3 - f. Let n(x) = -b(x) + 5*h(x). What is the remainder when n(5) is divided by z?
8
Let y(r) = r**3 - 5*r**2 + 6*r. Let j be y(4). Let n = -4 + j. What is the remainder when n is divided by 3?
1
Let a(p) = p**2 + 8*p - 17. Calculate the remainder when a(8) is divided by 16.
15
Let b(o) = -o**3 + 8*o**2 + 3*o - 10. What is the remainder when b(8) is divided by 6?
2
Let s(p) = 2*p - 1. Let o be s(4). Let f(d) = d + 2. Let i be f(o). Let a = 66 - i. What is the remainder when a is divided by 15?
12
Let c be 0 + 14 + (1 - 0). Let i = -4 + c. Calculate the remainder when 32 is divided by i.
10
Let s = 10 + 3. Let v(x) = 2*x**2 - 9*x + 6. Let z be 2/3*(8 + 1). What is the remainder when v(z) is divided by s?
11
Calculate the remainder when 44 is divided by (-15)/(-2)*(4 + -2).
14
Suppose -d - w + 43 = 0, 0 = 4*d + 3*w - 114 - 58. Let k(o) = 22*o**2 + o - 1. Calculate the remainder when d is divided by k(1).
21
Let s = -19 - -32. Let p = s - 1. What is the remainder when 21 is divided by p?
9
Calculate the remainder when 216 is divided by (-1 - -2)/((-9)/(-495)).
51
Suppose -b = 1 - 5. Suppose b = 3*c + 1. What is the remainder when 2 is divided by c?
0
Let c = 85 + -58. Let i = -12 + c. What is the remainder when 41 is divided by i?
11
Suppose -252 = -9*d - 0*d. Calculate the remainder when d is divided by 8.
4
Let n = 139 + -85. Calculate the remainder when n is divided by 19.
16
What is the remainder when (-6)/(24/190)*-2 is divided by 24?
23
Suppose 100 = 7*w + 9. What is the remainder when w is divided by 6?
1
Suppose 8*b - 63 = 41. Calculate the remainder when 102 is divided by b.
11
Suppose 2*l - 18 - 24 = 0. Suppose -3*q + 0*f = -3*f + 60, 0 = -3*q + 4*f - 64. Let j = 27 + q. What is the remainder when l is divided by j?
10
Suppose 0*o - 548 = -4*o. Calculate the remainder when o is divided by 35.
32
Let f(d) = 2*d**2 - 7*d - 1. Let l = 27 - 10. Calculate the remainder when f(7) is divided by l.
14
Let o(u) = u**3 - 12*u**2 + 13*u + 9. What is the remainder when o(11) is divided by 8?
7
What is the remainder when (11/(-3))/(2/(-18)) is divided by (-4)/(-16)*(67 + 1)?
16
Suppose -15 + 271 = 4*f. What is the remainder when f is divided by 34?
30
Let t(a) = 13*a**2 - 4*a + 4. Let n be t(-4). Suppose 20 = -7*s + 2*s, 4*o - 4*s = n. What is the remainder when o is divided by 14?
11
Suppose 0*x = x - 11. Let h be 0/1*(-2)/6. Suppose h*s = s - 31. What is the remainder when s is divided by x?
9
Let h = -140 - 37. Let w = -104 - h. Calculate the remainder when w is divided by 19.
16
Let d = -4 + 19. What is the remainder when d is divided by 8?
7
Suppose -7*d = -5*d - 22. What is the remainder when 28 is divided by d?
6
Suppose -a = 3*r - r - 14, -3*a + 12 = 0. Suppose -u + 65 = r*n - 6*u, 2*n = -u + 17. What is the remainder when 8/6*(20 - -1) is divided by n?
8
Suppose -3*v = 0, -2*d - 225 = -7*d + v. Calculate the remainder when d is divided by 23.
22
Let g(u) = -11*u + 1. What is the remainder when 47 is divided by g(-1)?
11
Suppose 0 = -4*c + p + 190, -4*c + p = -9*c + 242. Calculate the remainder when c is divided by ((17 - -2) + -2)/1.
14
Let l be (-48)/7*(-5 - 2). Let a = l + -27. What is the remainder when a is divided by 12?
9
Suppose 3*p - 7 = s + 21, 5*s - 30 = -2*p. Calculate the remainder when 28 is divided by p.
8
Let g(c) = -11*c + 4. Let u be g(3). Let j = 9 - u. Calculate the remainder when j is divided by 13.
12
Let s = -22 + 13. Suppose -r + 3*g + g = -12, 3*r = 3*g + 9. Calculate the remainder when 11 is divided by -3 - (s - r/(-2)).
5
Let g be -12*(15/9 - 1). What is the remainder when 26 is divided by (18/4)/((-4)/g)?
8
Let r = 30 + -9. Suppose 3*p + r = 6*p. What is the remainder when 12 is divided by p?
5
Let f = 0 - -3. Let r be (-90)/(-12)*6/(-9). Let l = r - -8. What is the remainder when f is divided by l?
0
Suppose 2*f - 13 = 5*b + 5*f, 4*b - 2*f + 28 = 0. Let v(a) be the third derivative of -a**4/12 - a**3 + a**2. What is the remainder when 11 is divided by v(b)?
3
Let i = 80 - 57. What is the remainder when i is divided by 13?
10
Let g = -9 + 26. What is the remainder when 49 is divided by g?
15
Let w be 2/(4/18) - -1. Let i = w + -6. Suppose 0 = -s + 2. What is the remainder when i is divided by s?
0
Let g = 37 + -16. Calculate the remainder when g is divided by 11.
10
Suppose 4*z + 6 = -22. Let r = z - -11. Calculate the remainder when 15 is divided by r.
3
Let t(c) = 4*c**3 - 5*c**2 + 8. Let f(x) = x**3 + 1. Let w(s) = 5*f(s) - t(s). Calculate the remainder when w(-4) is divided by 4.
1
Let v(h) = -h**3 - h**2 + h + 7. Let x be v(0). Suppose 0*w = w - x. Calculate the remainder when 25 is divided by w.
4
Let q(h) = -2 + h - 3*h + 3*h. Suppose 0 = -5*l - 4*n - n + 30, 4 = -l - 3*n. Calculate the remainder when l is divided by q(5).
2
Suppose 5*j - 22 = 3*j. Calculate the remainder when 42 is divided by j.
9
Let x(z) be the first derivative of -19*z**2/2 - 3*z - 3. Calculate the remainder when x(-2) is divided by 12.
11
Let u(l) = 18*l**2 - 3*l - 3. Calculate the remainder when 52 is divided by u(-1).
16
Let o = -224 - -252. Suppose -179 = 4*f + 3*g - 509, -2*f - 4*g + 170 = 0. Calculate the remainder when f is divided by o.
25
Let m be (-3)/4 + 69/12. Suppose -g = 2, -3*g = c - m*c + 62. What is the remainder when c is divided by 8?
6
Suppose 2*u - 67 = -2*u - 5*a, 3*u = 3*a + 30. Let y = 15 - u. Calculate the remainder when y is divided by 1.
0
Let p = 0 + 3. Suppose p*o - 17 = -2. Let t(k) = -k + 13. Calculate the remainder when t(0) is divided by o.
3
Suppose -3*y = 20 - 131. Suppose -4*c = -2*c - 2*z + 60, -18 = c - 4*z. Let n = c + 47. What is the remainder when y is divided by n?
11
Let w(o) = o**2 + o - 1. Let j(b) = 5*b**2 - 5*b - 10. Let f(h) = -j(h) + 4*w(h). Calculate the remainder when 17 is divided by f(9).
5
Let p(k) be the first derivative of -2*k**2 - 8*k - 7. What is the remainder when 95 is divided by p(-8)?
23
Suppose 2*z - 107 = 5*d, 4*z - 3*d = -14 + 193. What is the remainder when z is divided by 18?
5
Suppose 2*x + 0 = 4, 4*s - x - 182 = 0. What is the remainder when s is divided by (24 + 1 + -1)/2?
10
Suppose 2*h + 3 = 9. Calculate the remainder when (h/(-6))/(6/(-288)) is divided by 9.
6
Let z(l) = 3*l + 0*l - 2*l + 5. Calculate the remainder when 25 is divided by z(4).
7
Let s = -10 - -24. Suppose 4*c - 2*c = 10. What is the remainder when s is divided by c?
4
Let g = -29 - -58. Let i